s divided by 157?
154
Calculate the remainder when 6843 is divided by 116.
115
What is the remainder when 625815 is divided by 222?
219
Calculate the remainder when 6968 is divided by 1566.
704
What is the remainder when 27162 is divided by 6698?
370
What is the remainder when 138181 is divided by 145?
141
What is the remainder when 165372 is divided by 79?
25
Calculate the remainder when 1615 is divided by 102.
85
What is the remainder when 9177 is divided by 58?
13
What is the remainder when 2945018 is divided by 188?
186
Calculate the remainder when 397207 is divided by 14.
13
What is the remainder when 115379 is divided by 708?
683
What is the remainder when 12439 is divided by 2208?
1399
What is the remainder when 20826 is divided by 96?
90
What is the remainder when 160967 is divided by 53647?
26
What is the remainder when 28571 is divided by 9284?
719
What is the remainder when 47946 is divided by 70?
66
Calculate the remainder when 63116 is divided by 151.
149
Calculate the remainder when 18479 is divided by 710.
19
What is the remainder when 1896 is divided by 210?
6
Calculate the remainder when 114440 is divided by 118.
98
What is the remainder when 91469 is divided by 855?
839
What is the remainder when 2007248 is divided by 175?
173
Calculate the remainder when 83360 is divided by 3.
2
Calculate the remainder when 4476 is divided by 510.
396
Calculate the remainder when 1536 is divided by 216.
24
What is the remainder when 2178 is divided by 70?
8
Calculate the remainder when 172908 is divided by 22.
10
What is the remainder when 13918 is divided by 994?
2
What is the remainder when 24687 is divided by 1569?
1152
What is the remainder when 93901 is divided by 11736?
13
Calculate the remainder when 210301 is divided by 276.
265
What is the remainder when 23793 is divided by 274?
229
Calculate the remainder when 2745 is divided by 549.
0
What is the remainder when 2660 is divided by 49?
14
Calculate the remainder when 1078 is divided by 299.
181
Calculate the remainder when 1046 is divided by 302.
140
What is the remainder when 13949 is divided by 819?
26
What is the remainder when 904093 is divided by 304?
301
Calculate the remainder when 853 is divided by 66.
61
Calculate the remainder when 21657 is divided by 3092.
13
What is the remainder when 9455 is divided by 2311?
211
What is the remainder when 273043 is divided by 192?
19
Calculate the remainder when 63783 is divided by 21.
6
Calculate the remainder when 32970 is divided by 1213.
219
Calculate the remainder when 113076 is divided by 8076.
12
Calculate the remainder when 65841 is divided by 5063.
22
Calculate the remainder when 5037 is divided by 548.
105
What is the remainder when 3490 is divided by 116?
10
Calculate the remainder when 1331270 is divided by 25.
20
Calculate the remainder when 4793 is divided by 1140.
233
Calculate the remainder when 420606 is divided by 985.
11
What is the remainder when 265893 is divided by 71?
69
What is the remainder when 1313 is divided by 557?
199
Calculate the remainder when 4303224 is divided by 47.
45
Calculate the remainder when 4310 is divided by 294.
194
Calculate the remainder when 144632 is divided by 90.
2
What is the remainder when 323258 is divided by 107743?
29
What is the remainder when 336 is divided by 30?
6
What is the remainder when 4185 is divided by 973?
293
Calculate the remainder when 787866 is divided by 24620.
26
What is the remainder when 16103 is divided by 8049?
5
What is the remainder when 1021 is divided by 327?
40
What is the remainder when 56777 is divided by 610?
47
Calculate the remainder when 10022 is divided by 911.
1
What is the remainder when 15156 is divided by 632?
620
What is the remainder when 642 is divided by 115?
67
What is the remainder when 869 is divided by 399?
71
Calculate the remainder when 4588 is divided by 637.
129
What is the remainder when 1408 is divided by 201?
1
What is the remainder when 9126 is divided by 813?
183
Calculate the remainder when 50750 is divided by 416.
414
What is the remainder when 4545 is divided by 2261?
23
What is the remainder when 4863 is divided by 314?
153
Calculate the remainder when 152013 is divided by 399.
393
Calculate the remainder when 19412 is divided by 360.
332
What is the remainder when 9470 is divided by 51?
35
What is the remainder when 13489 is divided by 1465?
304
Calculate the remainder when 4509 is divided by 113.
102
Calculate the remainder when 4577 is divided by 1506.
59
Calculate the remainder when 5949 is divided by 3.
0
What is the remainder when 1581 is divided by 24?
21
Calculate the remainder when 35533 is divided by 911.
4
Calculate the remainder when 619926 is divided by 581.
580
What is the remainder when 978351 is divided by 752?
751
What is the remainder when 336459 is divided by 48065?
4
Calculate the remainder when 7333 is divided by 327.
139
What is the remainder when 7890 is divided by 328?
18
Calculate the remainder when 5714 is divided by 232.
146
Calculate the remainder when 12029 is divided by 5.
4
What is the remainder when 1447058 is divided by 479?
478
What is the remainder when 227531 is divided by 113734?
63
Calculate the remainder when 3742 is divided by 12.
10
Calculate the remainder when 10841 is divided by 3.
2
Calculate the remainder when 242567 is divided by 191.
188
Calculate the remainder when 2419 is divided by 220.
219
Calculate the remainder when 40134 is divided by 41.
36
Calculate the remainder when 55739 is divided by 901.
778
Calculate the remainder when 6539 is divided by 86.
3
Calculate the remainder when 1966485 is divided by 75.
60
Calculate the remainder when 3792 is divided by 45.
12
Calculate the remainder when 66014 is divided by 5.
4
What is the remainder when 4722 is divided by 522?
24
Calculate the remainder when 47060 is divided by 189.
188
Calculate the remainder when 11208 is divided by 700.
8
What is the remainder when 32954 is divided by 749?
747
Calculate the remainder when 2340 is divided by 332.
16
What is the remainder when 3187 is divided by 148?
79
What is the remainder when 1853 is divided by 1510?
343
What is the remainder when 45599 is divided by 120?
119
What is the remainder when 40203 is divided by 13356?
135
Calculate the remainder when 105 is divided by 30.
15
What is the remainder when 2047 is divided by 457?
219
What is the remainder when 3991 is divided by 12?
7
What is the remainder when 4477 is divided by 128?
125
What is the remainder when 9592 is divided by 108?
88
What is the remainder when 94527 is divided by 35?
27
What is the remainder when 11055 is divided by 9?
3
What is the remainder when 2614 is divided by 867?
13
What is the remainder when 3305 is divided by 34?
7
What is the remainder when 97649 is divided by 377?
6
What is the remainder when 664 is divided by 170?
154
What is the remainder when 4298 is divided by 285?
23
What is the remainder when 23462 is divided by 1383?
1334
What is the remainder when 262363 is divided by 927?
22
What is the remainder when 283974 is divided by 9?
6
Calculate the remainder when 21163 is divided by 20.
3
What is the remainder when 7114 is divided by 9?
4
Calculate the remainder when 198501 is divided by 122.
7
What is the remainder when 835 is divided by 411?
13
Calculate the remainder when 14650 is divided by 206.
24
What is the remainder when 698 is divided by 331?
36
What is the remainder when 337589 is divided by 155?
154
Calculate the remainder when 1142 is divided by 296.
254
What is the remainder when 27015 is divided by 2455?
10
Calculate the remainder when 1894 is divided by 647.
600
What is the remainder when 2311 is divided by 91?
36
Calculate the remainder when 6665 is divided by 83.
25
Calculate the remainder when 29818 is divided by 7454.
2
Calculate the remainder when 129 is divided by 115.
14
What is the remainder when 1328 is divided by 178?
82
Calculate the remainder when 1545 is divided by 45.
15
What is the remainder when 14367 is divided by 2047?
38
Calculate the remainder when 3658 is divided by 416.
330
Calculate the remainder when 1697 is divided by 110.
47
What is the remainder when 911 is divided by 119?
78
What is the remainder when 331937 is divided by 58?
3
What is the remainder when